 3/(f - -2) - -1. What is the greatest common factor of u and 22?
2
Let t = 13 - 9. Suppose 0 = t*g + 11 - 51. What is the greatest common factor of g and 4?
2
Suppose -365 = -5*b - 5*n, -3*b = -3*n + 2 - 251. Suppose -b = -2*u - 30. Calculate the highest common divisor of u and 8.
8
Suppose -9*n + 81 = -0. Calculate the highest common factor of 9 and n.
9
Suppose 5*g + 2*n = 284, 0 = 3*g - g + 3*n - 118. Calculate the highest common divisor of g and 84.
28
Let k(l) = 5*l - 7 - l**2 + 2*l**2 - 2*l. Let s be k(-5). What is the greatest common factor of 27 and s?
3
Suppose -5*m - 3*b + 286 = 0, 0*m - 2*m + 124 = -2*b. Let a = 99 - m. What is the highest common factor of 8 and a?
8
Suppose -m = 3*m - 20. Suppose m*w = -0*r + 5*r - 105, -5*r - 5*w = -115. Let x = -61 - -149. What is the greatest common factor of x and r?
22
Let k(b) = b**2 + 5*b - 2. Let z be k(-6). Suppose -z*m = 3*g - 49, 4*g - 2*m - 40 = -m. Calculate the highest common divisor of 11 and g.
11
Suppose s + 0*s = -7. Let x(c) = -c**2 - 12*c - 3. Let j be x(s). Calculate the highest common divisor of j and 8.
8
Let s be 0/(0 + 2 + -4). Let d = -3 + s. Let b = 15 + d. Calculate the highest common factor of b and 12.
12
Let x(j) = j**3 + 6*j**2 + 3*j + 5. Let y be x(-5). Calculate the highest common divisor of y and 135.
15
Let x be 0 - -1 - (-102)/2. What is the highest common factor of 13 and x?
13
Let w = -3 - -9. Let y be (w + -7)/(2/(-8)). What is the highest common divisor of y and 12?
4
Suppose -5*x - 17 = -3*r, -1 = 3*x + 11. Let l be r/(-6) - 105/(-18). Calculate the highest common divisor of l and 6.
6
Suppose -5*c + 2*c - 25 = -2*p, -41 = -3*p + c. Suppose 3*y - 10 = 2*m, 9*y - p = 4*y + 2*m. What is the greatest common divisor of 5 and y?
1
Suppose 48 = 4*y - 0*y. Let a = y + -1. Calculate the highest common factor of 22 and a.
11
Let g be 1*-33*6/(-9). What is the greatest common factor of g and 11?
11
Suppose 607 = 3*t + 121. Suppose 2*v = v + t. Calculate the greatest common divisor of 18 and v.
18
Let s(m) = m**2 + 15*m + 27. Let d be s(-14). What is the greatest common factor of 39 and d?
13
Suppose 4*l = 2*n + 474, 0 = 4*n + 7 + 5. Calculate the highest common divisor of l and 13.
13
Let q be 2/3 - 222/(-18). Let l be (-559)/(-3) - (-3)/(-9). Let u be 2/(-7) + l/14. What is the greatest common divisor of q and u?
13
Suppose 4*d - 364 = 3*d. What is the greatest common factor of 28 and d?
28
Let x be 10/25 + (-690)/(-25). What is the highest common factor of 56 and x?
28
Suppose 9 = -c + 3*r, -r + 5 = 5*c - 6*r. Let t(i) = -5*i + 2*i**2 + 3*i**2 - 3*i. Let w be t(c). What is the highest common divisor of 12 and w?
12
Let t(p) = p**3 + 5*p**2 + 3*p + 1. Let m be t(-2). Let y(h) = -h + 7. Let b be y(0). What is the greatest common factor of b and m?
7
Let g be (11/(-7) + -1)*504/(-27). What is the highest common divisor of 12 and g?
12
Let w = 136 - 31. What is the highest common divisor of w and 42?
21
Let k be ((768/(-20))/(-3))/(2/10). Calculate the greatest common divisor of 48 and k.
16
Let o(q) = 6*q**2 - q. Let h be o(1). Let s be 1 + -4 + (h - 4). Let n be (3 - -2) + s*1. What is the highest common divisor of 3 and n?
3
Let r = 1 - 2. Let o be (-2)/2*r - -45. Suppose 5*q - 14 = o. Calculate the highest common factor of 24 and q.
12
Let j be (45/54)/((-1)/(-6)). What is the greatest common divisor of j and 55?
5
Let g(x) = -66*x. Let s be g(-1). Calculate the greatest common factor of 6 and s.
6
Suppose -2*z + 236 = 5*t + 2*z, -4*t - 3*z = -188. What is the greatest common divisor of t and 44?
44
Let w = -179 - -54. Let m be (-448)/(-6)*(2 - -1). Let b = m + w. What is the highest common factor of 11 and b?
11
Let h be 4*-3*7/(-4). Suppose 4*v + z = 26 + 33, -30 = -3*v + 4*z. Calculate the highest common factor of h and v.
7
Suppose 3*d - 1 = 5. Suppose -b - d - 3 = 0, 2*i + 10 = -4*b. Suppose -i*m = -3*m - 6. Calculate the greatest common factor of m and 3.
3
Suppose 3*v - 13 - 11 = 0. What is the greatest common divisor of v and 152?
8
Suppose 27 = 2*j - 49. Calculate the highest common factor of j and 57.
19
Suppose 2*h = -2*h. Let a be (6 + -2)*(1 - h). Suppose -a*d = 2*t - 117 - 97, 0 = -2*d + 2. What is the greatest common divisor of 15 and t?
15
Suppose -5*c - 3*k = -213, 4*c - 217 = -c - 2*k. Suppose h - 2*x = 11, h - 2*x - 14 = x. Calculate the highest common factor of c and h.
5
Let x = -4 + 6. Let d = -6 + 5. Let v be (-10)/d*(3 + -2). Calculate the highest common factor of v and x.
2
Let f be 10 - 3/(-12)*-4. Calculate the highest common divisor of 9 and f.
9
Let k = 11 + -8. Suppose -4 = -k*s + 2. Let z(n) = -n**2 - 5*n - 2. Let y be z(-3). Calculate the highest common divisor of y and s.
2
Let z be (-3 - -3)/(-3) - -2. Suppose m + 3*d = z*m + 3, 0 = -3*m - 4*d + 30. What is the greatest common factor of 4 and m?
2
Let q(o) = 2*o - 13. Let a be q(7). Let r be (7/3)/((-2)/(-6)). What is the greatest common divisor of r and a?
1
Let s be (12 + 1)/(1 + 0). Calculate the highest common divisor of s and 143.
13
Suppose 0 = -3*r + r + 6. Let x = 0 - -5. Suppose 3*p - 4*p = -r, -5*y + 455 = x*p. What is the greatest common divisor of 8 and y?
8
Suppose -2*r + 6*r = h + 37, 4*r = 4*h + 40. Calculate the highest common factor of 27 and r.
9
Let g be ((-5)/2)/(1/(-2)). Suppose -3*v - g = -173. Calculate the greatest common divisor of v and 14.
14
Suppose 0 = g + 3, 4*j - 2*g - 5 - 9 = 0. What is the highest common factor of 1 and j?
1
Let t(l) = 2*l**3 - 2*l**2 + 2*l - 3. Let m be t(2). Let u be m/(-2)*64/(-12). Suppose 108 = 5*y - 2*y. What is the greatest common divisor of y and u?
12
Let w be (1/(-2) + 1)*4. Suppose 0 = w*i, s - 44 = 5*i + 37. Let c = 12 + -3. Calculate the highest common factor of s and c.
9
Let b = -4 - -15. Let r = 15 - b. Suppose 3*i = r*i - 1. Calculate the highest common divisor of 4 and i.
1
Suppose 28 = u + u. Let j(b) = -6 + 6*b**2 + 3 + 2*b + b. Let o be j(-3). Calculate the highest common divisor of u and o.
14
Let j = 18 + -6. What is the greatest common divisor of 108 and j?
12
Let i be (-6 + 20)/(2/3). Let v be 3*-1*(-14)/(-3). Let o be (5/(-5))/(1/v). What is the highest common factor of i and o?
7
Let n be (-3)/(-5) - (7533/(-15))/3. What is the highest common divisor of n and 21?
21
Suppose -72 = -5*a + 18. Calculate the highest common divisor of 2 and a.
2
Let t = -60 + 92. What is the highest common divisor of t and 192?
32
Let h(p) = -p**2. Let r be h(2). Let s be r/22 + 688/(-88). Let v = 16 + s. Calculate the greatest common factor of v and 24.
8
Let g be (-6)/9*-6 - -41. What is the greatest common factor of g and 9?
9
Let u = -11 - 5. Let h be (-10)/(-2) - u/(-4). What is the highest common divisor of h and 2?
1
Let m be (-83)/(-4) + 2/8. Suppose z - 50 = -4*q, 4*z = -2*q + q + 20. Let c be (6/1)/(q + -10). Calculate the greatest common divisor of c and m.
3
Let l = 14 + -3. Let t = l - 7. Suppose 2 - 6 = -t*s. What is the greatest common divisor of s and 5?
1
Suppose 3*m + 4*j = 194, m = -2*j + 1 + 61. Let a be (-16)/6*45/(-12). Calculate the greatest common factor of a and m.
10
Let r(o) = o**3 + 7*o**2 - 3*o + 11. Let q be r(-5). What is the greatest common factor of 190 and q?
38
Let o = 3 - 1. Suppose 2*i = 2, -5*j - i - o = -23. Suppose 0 = w + 2*r - 20, -17 = 3*w + j*r - 67. Calculate the greatest common divisor of 90 and w.
10
Let c = 6 + -22. Let t = c + 26. Calculate the greatest common factor of t and 4.
2
Suppose w + 150 = 2*w + 5*u, 4*w - u = 684. What is the highest common divisor of 68 and w?
34
Suppose -2*n = -5*h - 5, 2*h = -0*n + n - 1. Let l be (-7)/h*3 - 3. Calculate the highest common factor of 28 and l.
4
Let x = 6 + -4. Let j be x + (25 + 0 - -1). Let a(u) = -u**3 + 13*u**2 - 12*u + 4. Let n be a(12). Calculate the highest common divisor of n and j.
4
Let z = 6 - 4. Suppose -z*y = y - 12. Let w be 2 - -3 - 1/1. What is the greatest common divisor of w and y?
4
Let i(o) be the third derivative of o**5/20 + o**4/24 + o**3/3 - 2*o**2. Let g be i(2). Let j = 67 - 27. What is the highest common divisor of g and j?
8
Let l(m) = m + 36. Let k be l(0). Suppose 2*s = 2*r + 48, 0 = 2*s + r + 2 - 50. Calculate the greatest common divisor of s and k.
12
Let k be ((-20)/4 + 2)*-22. What is the greate